{"id":442,"date":"2025-03-20T12:09:50","date_gmt":"2025-03-20T11:09:50","guid":{"rendered":"http:\/\/bareq88.webd.pl\/mogewszystko\/gabinet\/?page_id=442"},"modified":"2025-03-20T12:09:50","modified_gmt":"2025-03-20T11:09:50","slug":"ewelina-obszanska","status":"publish","type":"page","link":"https:\/\/www.mogewszystko.edu.pl\/gabinet\/ewelina-obszanska\/","title":{"rendered":"Ewelina Obsza\u0144ska"},"content":{"rendered":"\n<div class=\"wp-block-uagb-container uagb-block-a2fchkf6 alignfull uagb-is-root-container\"><div class=\"uagb-container__shape uagb-container__shape-top\"><svg xmlns=\"https:\/\/www.w3.org\/2000\/svg\" viewBox=\"0 0 1000 100\" preserveAspectRatio=\"none\"><path class=\"uagb-container__shape-fill\" d=\"M0,6V0h1000v100L0,6z\"><\/path><\/svg><\/div><div class=\"uagb-container__shape uagb-container__shape-bottom uagb-container__shape-flip uagb-container__invert\" data-negative=\"false\"><svg xmlns=\"https:\/\/www.w3.org\/2000\/svg\" viewBox=\"0 0 1000 100\" preserveAspectRatio=\"none\"><path class=\"uagb-container__shape-fill\" d=\"M0,6V0h1000v100L0,6z\"><\/path><\/svg><\/div><div class=\"uagb-container-inner-blocks-wrap\">\n<div class=\"wp-block-uagb-container uagb-block-9c0239cc\">\n<div class=\"wp-block-columns is-layout-flex wp-container-core-columns-is-layout-28f84493 wp-block-columns-is-layout-flex\">\n<div class=\"wp-block-column is-layout-flow wp-block-column-is-layout-flow\" style=\"flex-basis:66.66%\">\n<p class=\"has-medium-font-size\"><strong>Ewelina Obsza\u0144ska<\/strong><\/p>\n\n\n\n<p><strong>Pedagog Specjalny \u2013 Pasja i Profesjonalizm<\/strong><\/p>\n\n\n\n<p>Z wykszta\u0142cenia i zami\u0142owania jestem pedagogiem specjalnym. Do\u015bwiadczenie zawodowe zacz\u0119\u0142am zdobywa\u0107 ju\u017c na studiach, anga\u017cuj\u0105c si\u0119 jako wolontariuszka w plac\u00f3wkach wspieraj\u0105cych edukacj\u0119 dzieci z niepe\u0142nosprawno\u015bciami. Od pocz\u0105tku mojej drogi zawodowej szczeg\u00f3lnie bliskie by\u0142o mi spektrum autyzmu, co ukszta\u0142towa\u0142o moje podej\u015bcie i obszar specjalizacji.<\/p>\n\n\n\n<p>Nieustannie rozwijam sw\u00f3j warsztat pracy, uko\u0144czy\u0142am m.in.: III stopniowy kurs terapii behawioralnej, szkolenie MAKATON, Terapii R\u0119ki oraz warsztaty z zakresu Metody Krakowskiej. W pracy z dzie\u0107mi stawiam na relacj\u0119, holistyczne podej\u015bcie i dostosowanie metod do indywidualnych potrzeb ka\u017cdego dziecka.<\/p>\n\n\n\n<p>Prywatnie jestem mam\u0105 dw\u00f3ch c\u00f3rek i pasjonuj\u0119 si\u0119 tematyk\u0105 rodzicielstwa blisko\u015bci.<\/p>\n\n\n\n<div class=\"wp-block-uagb-buttons uagb-buttons__outer-wrap uagb-btn__default-btn uagb-btn-tablet__default-btn uagb-btn-mobile__default-btn uagb-block-e5e1cbdd\"><div class=\"uagb-buttons__wrap uagb-buttons-layout-wrap \">\n<div class=\"wp-block-uagb-buttons-child uagb-buttons__outer-wrap uagb-block-b5a0c932 wp-block-button\"><div class=\"uagb-button__wrapper\"><a class=\"uagb-buttons-repeater wp-block-button__link\" aria-label=\"\" href=\"http:\/\/www.mogewszystko.edu.pl\/gabinet\/#kadra\" rel=\"follow noopener\" target=\"_self\" role=\"button\"><div class=\"uagb-button__link\">Powr\u00f3t<\/div><\/a><\/div><\/div>\n<\/div><\/div>\n<\/div>\n\n\n\n<div class=\"wp-block-column is-layout-flow wp-block-column-is-layout-flow\" style=\"flex-basis:33.33%\">\n<figure class=\"wp-block-image size-full\"><img loading=\"lazy\" decoding=\"async\" width=\"1200\" height=\"1600\" src=\"http:\/\/bareq88.webd.pl\/mogewszystko\/gabinet\/wp-content\/uploads\/sites\/4\/2025\/03\/Ewelina-Obszanska.jpeg\" alt=\"\" class=\"wp-image-390\" srcset=\"https:\/\/www.mogewszystko.edu.pl\/gabinet\/wp-content\/uploads\/sites\/4\/2025\/03\/Ewelina-Obszanska.jpeg 1200w, https:\/\/www.mogewszystko.edu.pl\/gabinet\/wp-content\/uploads\/sites\/4\/2025\/03\/Ewelina-Obszanska-225x300.jpeg 225w, https:\/\/www.mogewszystko.edu.pl\/gabinet\/wp-content\/uploads\/sites\/4\/2025\/03\/Ewelina-Obszanska-768x1024.jpeg 768w, https:\/\/www.mogewszystko.edu.pl\/gabinet\/wp-content\/uploads\/sites\/4\/2025\/03\/Ewelina-Obszanska-1152x1536.jpeg 1152w\" sizes=\"auto, (max-width: 1200px) 100vw, 1200px\" \/><\/figure>\n<\/div>\n<\/div>\n<\/div>\n<\/div><\/div>\n\n\n\n<p><\/p>\n\n\n\n<div class=\"wp-block-uagb-container uagb-block-6f82293b alignfull uagb-is-root-container\"><div class=\"uagb-container__shape uagb-container__shape-top uagb-container__shape-flip\"><svg xmlns=\"https:\/\/www.w3.org\/2000\/svg\" viewBox=\"0 0 1000 100\" preserveAspectRatio=\"none\"><path class=\"uagb-container__shape-fill\" d=\"M0,6V0h1000v100L0,6z\"><\/path><\/svg><\/div><div class=\"uagb-container-inner-blocks-wrap\">\n<div class=\"wp-block-uagb-info-box uagb-block-2de13869 uagb-infobox__content-wrap  uagb-infobox-icon-above-title uagb-infobox-image-valign-top wp-block-uagb-info-box--has-margin\"><div class=\"uagb-infobox-margin-wrapper\"><div class=\"uagb-ifb-content\"><div class=\"uagb-ifb-title-wrap\"><span class=\"uagb-ifb-title-prefix\">Skontaktuj si\u0119 z nami<\/span><\/div><p class=\"uagb-ifb-desc\">Zadzwo\u0144 lub napisz, aby um\u00f3wi\u0107 si\u0119 na konsultacj\u0119. Czekamy na Ciebie!<\/p><div class=\"uagb-ifb-button-wrapper wp-block-button\"><a href=\"https:\/\/www.mogewszystko.edu.pl\/gabinet\/kontakt\" class=\"uagb-infobox-cta-link wp-block-button__link\" target=\"_self\" rel=\"noopener noreferrer\" onclick=\"return true;\"><span class=\"uagb-inline-editing\">Skontaktuj si\u0119 z nami<\/span><\/a><\/div><\/div><\/div><\/div>\n<\/div><\/div>\n","protected":false},"excerpt":{"rendered":"<p>Ewelina Obsza\u0144ska Pedagog Specjalny \u2013 Pasja i Profesjonalizm Z wykszta\u0142cenia i zami\u0142owania jestem pedagogiem specjalnym. Do\u015bwiadczenie zawodowe zacz\u0119\u0142am zdobywa\u0107 ju\u017c [&hellip;]<\/p>\n","protected":false},"author":1,"featured_media":0,"parent":0,"menu_order":0,"comment_status":"closed","ping_status":"closed","template":"","meta":{"_uag_custom_page_level_css":"","site-sidebar-layout":"default","site-content-layout":"","ast-site-content-layout":"","site-content-style":"default","site-sidebar-style":"default","ast-global-header-display":"","ast-banner-title-visibility":"","ast-main-header-display":"","ast-hfb-above-header-display":"","ast-hfb-below-header-display":"","ast-hfb-mobile-header-display":"","site-post-title":"disabled","ast-breadcrumbs-content":"","ast-featured-img":"","footer-sml-layout":"","theme-transparent-header-meta":"","adv-header-id-meta":"","stick-header-meta":"","header-above-stick-meta":"","header-main-stick-meta":"","header-below-stick-meta":"","astra-migrate-meta-layouts":"default","ast-page-background-enabled":"default","ast-page-background-meta":{"desktop":{"background-color":"var(--ast-global-color-4)","background-image":"","background-repeat":"repeat","background-position":"center center","background-size":"auto","background-attachment":"scroll","background-type":"","background-media":"","overlay-type":"","overlay-color":"","overlay-opacity":"","overlay-gradient":""},"tablet":{"background-color":"","background-image":"","background-repeat":"repeat","background-position":"center center","background-size":"auto","background-attachment":"scroll","background-type":"","background-media":"","overlay-type":"","overlay-color":"","overlay-opacity":"","overlay-gradient":""},"mobile":{"background-color":"","background-image":"","background-repeat":"repeat","background-position":"center center","background-size":"auto","background-attachment":"scroll","background-type":"","background-media":"","overlay-type":"","overlay-color":"","overlay-opacity":"","overlay-gradient":""}},"ast-content-background-meta":{"desktop":{"background-color":"var(--ast-global-color-5)","background-image":"","background-repeat":"repeat","background-position":"center center","background-size":"auto","background-attachment":"scroll","background-type":"","background-media":"","overlay-type":"","overlay-color":"","overlay-opacity":"","overlay-gradient":""},"tablet":{"background-color":"var(--ast-global-color-5)","background-image":"","background-repeat":"repeat","background-position":"center center","background-size":"auto","background-attachment":"scroll","background-type":"","background-media":"","overlay-type":"","overlay-color":"","overlay-opacity":"","overlay-gradient":""},"mobile":{"background-color":"var(--ast-global-color-5)","background-image":"","background-repeat":"repeat","background-position":"center center","background-size":"auto","background-attachment":"scroll","background-type":"","background-media":"","overlay-type":"","overlay-color":"","overlay-opacity":"","overlay-gradient":""}},"footnotes":""},"class_list":["post-442","page","type-page","status-publish","hentry"],"uagb_featured_image_src":{"full":false,"thumbnail":false,"medium":false,"medium_large":false,"large":false,"1536x1536":false,"2048x2048":false},"uagb_author_info":{"display_name":"admin","author_link":"https:\/\/www.mogewszystko.edu.pl\/gabinet\/author\/admin\/"},"uagb_comment_info":0,"uagb_excerpt":"Ewelina Obsza\u0144ska Pedagog Specjalny \u2013 Pasja i Profesjonalizm Z wykszta\u0142cenia i zami\u0142owania jestem pedagogiem specjalnym. Do\u015bwiadczenie zawodowe zacz\u0119\u0142am zdobywa\u0107 ju\u017c [&hellip;]","_links":{"self":[{"href":"https:\/\/www.mogewszystko.edu.pl\/gabinet\/wp-json\/wp\/v2\/pages\/442","targetHints":{"allow":["GET"]}}],"collection":[{"href":"https:\/\/www.mogewszystko.edu.pl\/gabinet\/wp-json\/wp\/v2\/pages"}],"about":[{"href":"https:\/\/www.mogewszystko.edu.pl\/gabinet\/wp-json\/wp\/v2\/types\/page"}],"author":[{"embeddable":true,"href":"https:\/\/www.mogewszystko.edu.pl\/gabinet\/wp-json\/wp\/v2\/users\/1"}],"replies":[{"embeddable":true,"href":"https:\/\/www.mogewszystko.edu.pl\/gabinet\/wp-json\/wp\/v2\/comments?post=442"}],"version-history":[{"count":1,"href":"https:\/\/www.mogewszystko.edu.pl\/gabinet\/wp-json\/wp\/v2\/pages\/442\/revisions"}],"predecessor-version":[{"id":443,"href":"https:\/\/www.mogewszystko.edu.pl\/gabinet\/wp-json\/wp\/v2\/pages\/442\/revisions\/443"}],"wp:attachment":[{"href":"https:\/\/www.mogewszystko.edu.pl\/gabinet\/wp-json\/wp\/v2\/media?parent=442"}],"curies":[{"name":"wp","href":"https:\/\/api.w.org\/{rel}","templated":true}]}}

Ewelina Obszańska

<div class="wp-block-uagb-container uagb-block-a2fchkf6 alignfull uagb-is-root-container"><div class="uagb-container__shape uagb-container__shape-top"><svg xmlns="https://www.w3.org/2000/svg" viewBox="0 0 1000 100" preserveAspectRatio="none"><path class="uagb-container__shape-fill" d="M0,6V0h1000v100L0,6z"></path></svg></div><div class="uagb-container__shape uagb-container__shape-bottom uagb-container__shape-flip uagb-container__invert" data-negative="false"><svg xmlns="https://www.w3.org/2000/svg" viewBox="0 0 1000 100" preserveAspectRatio="none"><path class="uagb-container__shape-fill" d="M0,6V0h1000v100L0,6z"></path></svg></div><div class="uagb-container-inner-blocks-wrap">
<div class="wp-block-uagb-container uagb-block-9c0239cc">
<div class="wp-block-columns is-layout-flex wp-container-core-columns-is-layout-28f84493 wp-block-columns-is-layout-flex">
<div class="wp-block-column is-layout-flow wp-block-column-is-layout-flow" style="flex-basis:66.66%">
<p class="has-medium-font-size"><strong>Ewelina Obszańska</strong></p>



<p><strong>Pedagog Specjalny – Pasja i Profesjonalizm</strong></p>



<p>Z wykształcenia i zamiłowania jestem pedagogiem specjalnym. Doświadczenie zawodowe zaczęłam zdobywać już na studiach, angażując się jako wolontariuszka w placówkach wspierających edukację dzieci z niepełnosprawnościami. Od początku mojej drogi zawodowej szczególnie bliskie było mi spektrum autyzmu, co ukształtowało moje podejście i obszar specjalizacji.</p>



<p>Nieustannie rozwijam swój warsztat pracy, ukończyłam m.in.: III stopniowy kurs terapii behawioralnej, szkolenie MAKATON, Terapii Ręki oraz warsztaty z zakresu Metody Krakowskiej. W pracy z dziećmi stawiam na relację, holistyczne podejście i dostosowanie metod do indywidualnych potrzeb każdego dziecka.</p>



<p>Prywatnie jestem mamą dwóch córek i pasjonuję się tematyką rodzicielstwa bliskości.</p>



<div class="wp-block-uagb-buttons uagb-buttons__outer-wrap uagb-btn__default-btn uagb-btn-tablet__default-btn uagb-btn-mobile__default-btn uagb-block-e5e1cbdd"><div class="uagb-buttons__wrap uagb-buttons-layout-wrap ">
<div class="wp-block-uagb-buttons-child uagb-buttons__outer-wrap uagb-block-b5a0c932 wp-block-button"><div class="uagb-button__wrapper"><a class="uagb-buttons-repeater wp-block-button__link" aria-label="" href="http://www.mogewszystko.edu.pl/gabinet/#kadra" rel="follow noopener" target="_self" role="button"><div class="uagb-button__link">Powrót</div></a></div></div>
</div></div>
</div>



<div class="wp-block-column is-layout-flow wp-block-column-is-layout-flow" style="flex-basis:33.33%">
<figure class="wp-block-image size-full"><img loading="lazy" decoding="async" width="1200" height="1600" src="http://bareq88.webd.pl/mogewszystko/gabinet/wp-content/uploads/sites/4/2025/03/Ewelina-Obszanska.jpeg" alt="" class="wp-image-390" srcset="https://www.mogewszystko.edu.pl/gabinet/wp-content/uploads/sites/4/2025/03/Ewelina-Obszanska.jpeg 1200w, https://www.mogewszystko.edu.pl/gabinet/wp-content/uploads/sites/4/2025/03/Ewelina-Obszanska-225x300.jpeg 225w, https://www.mogewszystko.edu.pl/gabinet/wp-content/uploads/sites/4/2025/03/Ewelina-Obszanska-768x1024.jpeg 768w, https://www.mogewszystko.edu.pl/gabinet/wp-content/uploads/sites/4/2025/03/Ewelina-Obszanska-1152x1536.jpeg 1152w" sizes="auto, (max-width: 1200px) 100vw, 1200px" /></figure>
</div>
</div>
</div>
</div></div>



<p></p>



<div class="wp-block-uagb-container uagb-block-6f82293b alignfull uagb-is-root-container"><div class="uagb-container__shape uagb-container__shape-top uagb-container__shape-flip"><svg xmlns="https://www.w3.org/2000/svg" viewBox="0 0 1000 100" preserveAspectRatio="none"><path class="uagb-container__shape-fill" d="M0,6V0h1000v100L0,6z"></path></svg></div><div class="uagb-container-inner-blocks-wrap">
<div class="wp-block-uagb-info-box uagb-block-2de13869 uagb-infobox__content-wrap  uagb-infobox-icon-above-title uagb-infobox-image-valign-top wp-block-uagb-info-box--has-margin"><div class="uagb-infobox-margin-wrapper"><div class="uagb-ifb-content"><div class="uagb-ifb-title-wrap"><span class="uagb-ifb-title-prefix">Skontaktuj się z nami</span></div><p class="uagb-ifb-desc">Zadzwoń lub napisz, aby umówić się na konsultację. Czekamy na Ciebie!</p><div class="uagb-ifb-button-wrapper wp-block-button"><a href="https://www.mogewszystko.edu.pl/gabinet/kontakt" class="uagb-infobox-cta-link wp-block-button__link" target="_self" rel="noopener noreferrer" onclick="return true;"><span class="uagb-inline-editing">Skontaktuj się z nami</span></a></div></div></div></div>
</div></div>

<p>Ewelina Obszańska Pedagog Specjalny – Pasja i Profesjonalizm Z wykształcenia i zamiłowania jestem pedagogiem specjalnym. Doświadczenie zawodowe zaczęłam zdobywać już [&hellip;]</p>

Ewelina Obszańska Pedagog Specjalny – Pasja i Profesjonalizm Z wykształcenia i zamiłowania jestem pedagogiem specjalnym. Doświadczenie zawodowe zaczęłam zdobywać już [&hellip;]
