{"id":568,"date":"2025-04-26T11:39:24","date_gmt":"2025-04-26T09:39:24","guid":{"rendered":"https:\/\/www.mogewszystko.edu.pl\/przedszkole\/?page_id=568"},"modified":"2025-04-26T11:51:42","modified_gmt":"2025-04-26T09:51:42","slug":"olga-kozlowska","status":"publish","type":"page","link":"https:\/\/www.mogewszystko.edu.pl\/przedszkole\/olga-kozlowska\/","title":{"rendered":"Olga Koz\u0142owska"},"content":{"rendered":"\n<div class=\"wp-block-uagb-container uagb-block-bmkvi4mj alignfull uagb-is-root-container\"><div class=\"uagb-container-inner-blocks-wrap\">\n<div class=\"wp-block-columns is-layout-flex wp-container-core-columns-is-layout-28f84493 wp-block-columns-is-layout-flex\">\n<div class=\"wp-block-column is-layout-flow wp-block-column-is-layout-flow\" style=\"flex-basis:100%\">\n<div class=\"wp-block-columns is-layout-flex wp-container-core-columns-is-layout-28f84493 wp-block-columns-is-layout-flex\">\n<div class=\"wp-block-column is-layout-flow wp-block-column-is-layout-flow\" style=\"flex-basis:50%\">\n<p class=\"has-text-align-left\"><strong>Olga Koz\u0142owska &#8211; asystent nauczyciela<\/strong><\/p>\n\n\n\n<p class=\"has-text-align-left\">Jestem osob\u0105 pe\u0142n\u0105 pozytywnej energii, uwa\u017caj\u0105c\u0105 ka\u017cdy dzie\u0144 za now\u0105 okazj\u0119 do nauki i rozwoju. Praca z dzie\u0107mi jest dla mnie niezwykle inspiruj\u0105ca, poniewa\u017c ich kreatywno\u015b\u0107 i nieograniczona wyobra\u017ania sprawiaj\u0105, \u017ce ka\u017cdy dzie\u0144 przynosi nowe, warto\u015bciowe do\u015bwiadczenia.<\/p>\n\n\n\n<p>Wierz\u0119, \u017ce ka\u017cde dziecko jest wyj\u0105tkowe, jednak \u0142\u0105czy je wsp\u00f3lna cecha \u2013 naturalna ciekawo\u015b\u0107 \u015bwiata, entuzjazm i ch\u0119\u0107 odkrywania. To w\u0142a\u015bnie te aspekty podziwiam i staram si\u0119 wspiera\u0107, tworz\u0105c \u015brodowisko sprzyjaj\u0105ce ich harmonijnemu rozwojowi.<\/p>\n\n\n\n<p class=\"has-text-align-left\">Praca z dzie\u0107mi to nieustanne wyzwania i brak monotonii. Ka\u017cdy dzie\u0144 niesie nowe sytuacje wymagaj\u0105ce elastyczno\u015bci, cierpliwo\u015bci i kreatywnego podej\u015bcia. Satysfakcj\u0119 czerpi\u0119 z mo\u017cliwo\u015bci wspierania ich rozwoju oraz z rado\u015bci, jak\u0105 okazuj\u0105 w trakcie wsp\u00f3lnej pracy i zabawy.<\/p>\n\n\n\n<p><\/p>\n<\/div>\n\n\n\n<div class=\"wp-block-column is-layout-flow wp-block-column-is-layout-flow\" style=\"flex-basis:50%\">\n<figure class=\"wp-block-image size-large is-resized\"><img loading=\"lazy\" decoding=\"async\" width=\"768\" height=\"1024\" src=\"https:\/\/www.mogewszystko.edu.pl\/przedszkole\/wp-content\/uploads\/sites\/3\/2025\/03\/Olga-Kozlowska-768x1024.jpg\" alt=\"\" class=\"wp-image-431\" style=\"aspect-ratio:1;object-fit:cover;width:400px\" srcset=\"https:\/\/www.mogewszystko.edu.pl\/przedszkole\/wp-content\/uploads\/sites\/3\/2025\/03\/Olga-Kozlowska-768x1024.jpg 768w, https:\/\/www.mogewszystko.edu.pl\/przedszkole\/wp-content\/uploads\/sites\/3\/2025\/03\/Olga-Kozlowska-225x300.jpg 225w, https:\/\/www.mogewszystko.edu.pl\/przedszkole\/wp-content\/uploads\/sites\/3\/2025\/03\/Olga-Kozlowska.jpg 1100w\" sizes=\"auto, (max-width: 768px) 100vw, 768px\" \/><\/figure>\n<\/div>\n<\/div>\n\n\n\n<div class=\"wp-block-uagb-info-box uagb-block-5cc22854 uagb-infobox__content-wrap  uagb-infobox-icon-above-title uagb-infobox-image-valign-top wp-block-uagb-info-box--has-margin\"><div class=\"uagb-infobox-margin-wrapper\"><div class=\"uagb-ifb-content\"><div class=\"uagb-ifb-title-wrap\"><\/div><p class=\"uagb-ifb-desc\">Jestem osob\u0105 uwa\u017cnie s\u0142uchaj\u0105c\u0105 i otwart\u0105 na potrzeby innych. Zawsze staram si\u0119 znajdowa\u0107 rozwi\u0105zania, kt\u00f3re sprzyjaj\u0105 zar\u00f3wno dzieciom, jak i ich otoczeniu. Najwi\u0119ksz\u0105 nagrod\u0105 jest dla mnie u\u015bmiech i rado\u015b\u0107 dziecka, b\u0119d\u0105ce dowodem na to, \u017ce czuje si\u0119 bezpieczne i szcz\u0119\u015bliwe.<br><br>Prywatnie jestem zwolenniczk\u0105 aktywnego sp\u0119dzania czasu na \u015bwie\u017cym powietrzu. Wraz z rodzin\u0105 ch\u0119tnie wybieramy si\u0119 na g\u00f3rskie w\u0119dr\u00f3wki i wycieczki rowerowe. Pasjonujemy si\u0119 podr\u00f3\u017cami i kolekcjonujemy pami\u0105tki w postaci magnes\u00f3w, poczt\u00f3wek oraz materia\u0142owych toreb, kt\u00f3re przypominaj\u0105 nam o odwiedzonych miejscach.<br><br><br><br><\/p><\/div><\/div><\/div>\n<\/div>\n<\/div>\n\n\n\n<div class=\"wp-block-uagb-container uagb-block-gw4ooggb alignfull uagb-is-root-container\"><div class=\"uagb-container-inner-blocks-wrap\">\n<div class=\"wp-block-uagb-buttons uagb-buttons__outer-wrap uagb-btn__default-btn uagb-btn-tablet__default-btn uagb-btn-mobile__default-btn uagb-block-ieuy6vdq\"><div class=\"uagb-buttons__wrap uagb-buttons-layout-wrap \">\n<div class=\"wp-block-uagb-buttons-child uagb-buttons__outer-wrap uagb-block-q1hrgew6 wp-block-button\"><div class=\"uagb-button__wrapper\"><a class=\"uagb-buttons-repeater wp-block-button__link\" aria-label=\"\" href=\"https:\/\/www.mogewszystko.edu.pl\/przedszkole\/#kadra\" rel=\"follow noopener\" target=\"_self\" role=\"button\"><div class=\"uagb-button__link\">Powr\u00f3t<\/div><\/a><\/div><\/div>\n<\/div><\/div>\n<\/div><\/div>\n<\/div><\/div>\n","protected":false},"excerpt":{"rendered":"<p>Olga Koz\u0142owska &#8211; asystent nauczyciela Jestem osob\u0105 pe\u0142n\u0105 pozytywnej energii, uwa\u017caj\u0105c\u0105 ka\u017cdy dzie\u0144 za now\u0105 okazj\u0119 do nauki i rozwoju. [&hellip;]<\/p>\n","protected":false},"author":1,"featured_media":0,"parent":0,"menu_order":0,"comment_status":"closed","ping_status":"closed","template":"","meta":{"_uag_custom_page_level_css":"","site-sidebar-layout":"default","site-content-layout":"","ast-site-content-layout":"","site-content-style":"default","site-sidebar-style":"default","ast-global-header-display":"","ast-banner-title-visibility":"","ast-main-header-display":"","ast-hfb-above-header-display":"","ast-hfb-below-header-display":"","ast-hfb-mobile-header-display":"","site-post-title":"disabled","ast-breadcrumbs-content":"","ast-featured-img":"","footer-sml-layout":"","theme-transparent-header-meta":"","adv-header-id-meta":"","stick-header-meta":"","header-above-stick-meta":"","header-main-stick-meta":"","header-below-stick-meta":"","astra-migrate-meta-layouts":"default","ast-page-background-enabled":"default","ast-page-background-meta":{"desktop":{"background-color":"var(--ast-global-color-4)","background-image":"","background-repeat":"repeat","background-position":"center center","background-size":"auto","background-attachment":"scroll","background-type":"","background-media":"","overlay-type":"","overlay-color":"","overlay-opacity":"","overlay-gradient":""},"tablet":{"background-color":"","background-image":"","background-repeat":"repeat","background-position":"center center","background-size":"auto","background-attachment":"scroll","background-type":"","background-media":"","overlay-type":"","overlay-color":"","overlay-opacity":"","overlay-gradient":""},"mobile":{"background-color":"","background-image":"","background-repeat":"repeat","background-position":"center center","background-size":"auto","background-attachment":"scroll","background-type":"","background-media":"","overlay-type":"","overlay-color":"","overlay-opacity":"","overlay-gradient":""}},"ast-content-background-meta":{"desktop":{"background-color":"var(--ast-global-color-5)","background-image":"","background-repeat":"repeat","background-position":"center center","background-size":"auto","background-attachment":"scroll","background-type":"","background-media":"","overlay-type":"","overlay-color":"","overlay-opacity":"","overlay-gradient":""},"tablet":{"background-color":"var(--ast-global-color-5)","background-image":"","background-repeat":"repeat","background-position":"center center","background-size":"auto","background-attachment":"scroll","background-type":"","background-media":"","overlay-type":"","overlay-color":"","overlay-opacity":"","overlay-gradient":""},"mobile":{"background-color":"var(--ast-global-color-5)","background-image":"","background-repeat":"repeat","background-position":"center center","background-size":"auto","background-attachment":"scroll","background-type":"","background-media":"","overlay-type":"","overlay-color":"","overlay-opacity":"","overlay-gradient":""}},"footnotes":""},"class_list":["post-568","page","type-page","status-publish","hentry"],"uagb_featured_image_src":{"full":false,"thumbnail":false,"medium":false,"medium_large":false,"large":false,"1536x1536":false,"2048x2048":false},"uagb_author_info":{"display_name":"admin","author_link":"https:\/\/www.mogewszystko.edu.pl\/przedszkole\/author\/admin\/"},"uagb_comment_info":0,"uagb_excerpt":"Olga Koz\u0142owska &#8211; asystent nauczyciela Jestem osob\u0105 pe\u0142n\u0105 pozytywnej energii, uwa\u017caj\u0105c\u0105 ka\u017cdy dzie\u0144 za now\u0105 okazj\u0119 do nauki i rozwoju. [&hellip;]","_links":{"self":[{"href":"https:\/\/www.mogewszystko.edu.pl\/przedszkole\/wp-json\/wp\/v2\/pages\/568","targetHints":{"allow":["GET"]}}],"collection":[{"href":"https:\/\/www.mogewszystko.edu.pl\/przedszkole\/wp-json\/wp\/v2\/pages"}],"about":[{"href":"https:\/\/www.mogewszystko.edu.pl\/przedszkole\/wp-json\/wp\/v2\/types\/page"}],"author":[{"embeddable":true,"href":"https:\/\/www.mogewszystko.edu.pl\/przedszkole\/wp-json\/wp\/v2\/users\/1"}],"replies":[{"embeddable":true,"href":"https:\/\/www.mogewszystko.edu.pl\/przedszkole\/wp-json\/wp\/v2\/comments?post=568"}],"version-history":[{"count":2,"href":"https:\/\/www.mogewszystko.edu.pl\/przedszkole\/wp-json\/wp\/v2\/pages\/568\/revisions"}],"predecessor-version":[{"id":587,"href":"https:\/\/www.mogewszystko.edu.pl\/przedszkole\/wp-json\/wp\/v2\/pages\/568\/revisions\/587"}],"wp:attachment":[{"href":"https:\/\/www.mogewszystko.edu.pl\/przedszkole\/wp-json\/wp\/v2\/media?parent=568"}],"curies":[{"name":"wp","href":"https:\/\/api.w.org\/{rel}","templated":true}]}}